 + q = 63, 3*a - f*a = 5*q + 9. What are the prime factors of 2/(-4)*a/3?
2
Suppose -8*w + 9*w + 11 = 0. What are the prime factors of (-2)/w + 4490/110?
41
Let d(v) = 9*v**2 - v + 1. List the prime factors of d(2).
5, 7
Let m = -1 + 3. Suppose -g + q = 3*g - 4, 2*q = 3*g + m. Let x = 10 + g. What are the prime factors of x?
2, 3
Let r be (0 - 4)/(4/8). Let o = r + 21. What are the prime factors of o?
13
Suppose 3*v = 2*u + 760, -3*v + 2*v = 5*u - 259. List the prime factors of v.
2, 127
Let y = 116 + -59. List the prime factors of y.
3, 19
Let y = -12 - -12. What are the prime factors of 8/8 + 25 + y?
2, 13
Suppose 5*r = v + 89, -3*r - 2*v + 77 = 2*r. List the prime factors of r.
17
Let b = 4 - 12. List the prime factors of b/((-8)/(-12) - 1).
2, 3
Suppose -5*g + 25 = -4*g. What are the prime factors of g?
5
Let u be 6/(-33) - 35/(-11). Let n be (2 - u) + 0/1. List the prime factors of 1/((n/5)/(-1)).
5
Let w(i) = 35*i - 6. Let q be w(2). Let z = -45 + q. What are the prime factors of z?
19
Suppose -6*d + 108 = -2*d. What are the prime factors of d?
3
Let i = 8 + -3. Suppose i*u + 20 = -2*t - 6, 3 = -t. What are the prime factors of 1 - u - (-2 - 0)?
7
Let v(z) = -z + 3. Let w be v(0). Suppose -4*y + 113 = 5*k, 2*y + 2*y + 55 = w*k. What are the prime factors of k?
3, 7
Let k = -47 - -15. Let f = 101 - 56. Let i = f + k. List the prime factors of i.
13
Suppose -4*m + 7*m = 3*w - 333, 0 = -2*w + 3*m + 223. What are the prime factors of w?
2, 5, 11
Let z(a) = 57*a**2 + a - 1. List the prime factors of z(1).
3, 19
Suppose 0*c = -3*c + 282. What are the prime factors of c?
2, 47
Let r(p) = -3*p + 3. Let w be (0 - 12/(-4)) + -7. List the prime factors of r(w).
3, 5
Let j(h) = -2*h + 2. Let o be j(3). Let d = o - -5. Let y(s) = 7*s**3 - 1. List the prime factors of y(d).
2, 3
Let a(v) = -9*v - 1. Let t = 0 - -3. Suppose t*g - 3 = -6. What are the prime factors of a(g)?
2
Let l = 8 + -4. Suppose -o - l = -2*a - 14, -o + a + 6 = 0. Suppose 20 = 3*q + o*q. What are the prime factors of q?
2
Suppose 1 = -2*a + 27. List the prime factors of a.
13
List the prime factors of ((-33)/(-6))/(3/6).
11
Let c be -2*((-15)/(-2))/3. Let b be ((-77)/21)/((-7)/6 - -1). Let k = c + b. List the prime factors of k.
17
Let b = 7 + -4. Suppose 2*a - b - 19 = 0. List the prime factors of a.
11
Suppose -3*m - 4 + 22 = 0. Suppose 15 = -g + 5*y, -y - 1 = -2*g + g. Let x = m + g. What are the prime factors of x?
11
Suppose 3*m - 5*q - 2 = 0, 0*m = -m + 2*q. Suppose 0 = -5*v + 25, -4*v + 48 = 4*k - m. What are the prime factors of (-2)/k + 26/8?
3
Let q(p) = p**2 - 14*p + 44. What are the prime factors of q(-12)?
2, 89
Let w(r) = r**3 + 7*r**2 - 4*r + 11. Let z be w(-8). What are the prime factors of 6/z + 37/7?
5
Suppose 0 = 4*z + 4, 3*k + 0*k - 7 = -2*z. Suppose -32 - 22 = -k*a. What are the prime factors of a?
2, 3
Suppose 0 = x + 3*m - 14, 2*x = 7*m - 4*m - 8. List the prime factors of ((-33)/6)/((-1)/x).
11
Suppose 3*l - 4 = -l. Suppose 0 = -t + l - 9. Let r = t + 15. List the prime factors of r.
7
Let z(n) = n**3 + 3*n**2 - 5*n - 3. Let i be z(-4). Let v be (33 - -1) + i + -2. Suppose -3*o - v = -6*o. List the prime factors of o.
11
Let z = 2 + -4. Let d be ((-1)/z - 0)*2. Suppose -4*f = d - 9. What are the prime factors of f?
2
Let q(u) = 7*u + 4. Suppose 4*i = i + 12. What are the prime factors of q(i)?
2
Suppose -15 = 5*j, 105 = 2*x - 3*j - 0*j. Let a = x - 29. What are the prime factors of a?
19
Let x(w) be the second derivative of -w**3/6 - 5*w**2/2 - 3*w. What are the prime factors of x(-11)?
2, 3
Let f = -2 - -14. Suppose -h - 2 + f = 0. What are the prime factors of h?
2, 5
Let x be 6*(1 - (-7)/(-3)). Suppose -l + 12 = 5*w, 0*l - 2*w = -l - 2. What are the prime factors of -1*l - -1 - x?
7
Suppose 2*n - 99 = 5*i, -4*i = 4*n + 70 - 226. What are the prime factors of n?
2, 3, 7
Let x(m) = 1 - 1 + m - 4 + 3 + 48*m**2. Let p be x(1). Suppose -2*o = 5*k - k - p, o = 4*k - 54. List the prime factors of k.
13
Let b(j) = -j**3 + 11*j**2 - 9*j - 6. Let p be b(10). Suppose 19 = p*i - 9. What are the prime factors of i?
7
Suppose 2 + 4 = -k. What are the prime factors of (-8)/(-24) + (-100)/k?
17
Suppose 9 = 3*b + 3*p, -5*p - 20 = -2*b - 0*b. Suppose -1 = 2*j + b. What are the prime factors of (-37)/j + 3/(-9)?
2, 3
Let l be 4/(-2) - (-6 + 3). List the prime factors of (2 - l) + 5 + -3.
3
Let x(l) = l**3 - 3*l**2 - 14*l + 21. List the prime factors of x(6).
3, 5
Let b be (-4)/14 - (-9)/7. Let n(c) be the first derivative of c**3 - c**2 + c + 19. List the prime factors of n(b).
2
List the prime factors of (-17)/3*(33 - 39).
2, 17
Let a(u) = -u**3 + u**2 + 4*u**2 + 0*u - 2*u. Let l be a(2). Suppose 0 = o - l - 0. What are the prime factors of o?
2
List the prime factors of (-40)/16*134/(-5).
67
Let p be 3/2*588/18. Suppose -l - 5*h + 19 = -10, 0 = -2*l - h + p. What are the prime factors of l?
2, 3
Suppose 3*n = h + 2*h + 18, n - 3 = -2*h. Suppose -26 = -n*i + 14. Let z = i - 0. List the prime factors of z.
2
Let t(g) be the second derivative of g**5/20 + g**3/6 + g**2 + g. Let f be t(0). Suppose -2*n + 4*d + 48 = 0, f*d - d + 5 = 0. List the prime factors of n.
2, 7
Suppose -7*v + 278 = -212. What are the prime factors of v?
2, 5, 7
Let g(a) = a**3 + 16*a**2 - 14*a + 21. Let h be g(-17). List the prime factors of (36/5)/((-6)/h).
2, 3
Suppose m = -6*m + 77. List the prime factors of m.
11
Let f = 22 - 12. What are the prime factors of f?
2, 5
List the prime factors of (360/(-75))/(2/(-35)).
2, 3, 7
Let w be (22/6)/(1/3). Let s = 33 - w. What are the prime factors of s?
2, 11
Let x = 15 - 22. What are the prime factors of (-303)/x + 42/(-147)?
43
Suppose -v - v = 0. Let x be (-3)/(-2)*16/12. Let k = x - v. List the prime factors of k.
2
List the prime factors of -1 + -1 + 5208/21.
2, 3, 41
Let h = -47 - -68. Suppose -c = -3*r + 3, r = -5*c - 2*r + h. What are the prime factors of c?
3
Suppose -2*s = -5*o - 3*s - 10, s - 17 = 4*o. Let w = o - -8. Let p = w + 0. What are the prime factors of p?
5
Suppose f - 2 - 3 = 0. Suppose 4*i - 120 = 2*l, f*l - 72 = -2*i - 0*i. What are the prime factors of i?
31
Let d be (-3)/(-1) - 1/(-1). Suppose -z = d*j - 3*z - 28, -2*z = -3*j + 21. What are the prime factors of j?
7
Let q = 1 - 1. Suppose -6*m + 3*m + 45 = q. List the prime factors of m.
3, 5
Let x = 10 + 11. Suppose 0 = -0*a + 3*a - x. Let v(m) = m**3 - 7*m**2 + 3*m - 10. List the prime factors of v(a).
11
What are the prime factors of (-26)/(-8) - (-54)/72?
2
Let m(d) = 2*d**3 + 7*d**2 + 5*d + 2. List the prime factors of m(-2).
2
Let l = -2 - -2. Suppose 3*y - 39 = 4*b, -y + 4*b - 7*b + 13 = l. List the prime factors of y.
13
Let a(n) = n**2 + 4*n - 2. Let t be a(-4). Let c(w) = -2*w**3 + 2*w**2 + 2*w - 1. What are the prime factors of c(t)?
19
Suppose r = 5*r + 2*a - 26, 4*a = -3*r + 32. Suppose -4*q = -12 - r. Suppose 3*t + q = -w, -8 = -5*w + t + 4. List the prime factors of w.
2
Suppose -3*w = 2*a - 0*w - 12, 0 = a - 5*w + 20. Suppose -5*p + 4*p + 16 = a. List the prime factors of p.
2
Let i(w) = -w - 4. Let k be 2 + 0 - 48/4. What are the prime factors of i(k)?
2, 3
Let w = -10 - -19. List the prime factors of 228/w + (-2)/(-3).
2, 13
Suppose 417 = 3*h - 3*u + 6*u, 0 = -5*u - 10. What are the prime factors of h?
3, 47
Let q(w) = -w**3 - 6*w**2 - 6*w - 1. Let x be q(-5). Suppose 0*h = -x*h + 40. What are the prime factors of h?
2, 5
List the prime factors of 4*(-24)/(-32)*(-370)/(-6).
5, 37
Let r = -45 - -64. What are the prime factors of r?
19
List the prime factors of 34*1/4*6.
3, 17
List the prime factors of (-4)/110*-5 + 1017/33.
31
Let m = 368 - 195. Suppose 4*q = m - 5. What are the prime factors of q?
2, 3, 7
Suppose 0 = 20*b - 25*b + 25. Suppose 243 = b*d - p, -3*d + 2*p = 44 - 194. What are the prime factors of d?
2, 3
Suppose 5 = 5*s - 10. Let m be 20/3*18/4. Suppose m = s*f - 9. List the prime factors of f.
13
Let z = 2 + -2. Suppose -2*p - 3*p + 155 = z. What are the prime factors of p?
31
Let k(m) = m**2 - m - 1. Let x(f) = -2*f**2 + 2*f + 9. Let c(u) = 5*k(u) + x(u). What are the prime factors of c(3)?
2, 11
Let o be -3*(-4)/6 - 3. Let i = 8 - o. What are the prime factors of i?
3
Let q(w) = w**3 - 5*w**2 + 6*w - 1. List the prime factors of q(7).
139
Let k 